 ten thousands digit of 331131144?
3
What is the thousands digit of 236994067?
4
What is the thousands digit of 34994442?
4
What is the hundreds digit of 57852465?
4
What is the hundred thousands digit of 74693883?
6
What is the units digit of 33215569?
9
What is the tens digit of 373678308?
0
What is the hundreds digit of 152936014?
0
What is the ten millions digit of 3629271338?
2
What is the ten millions digit of 60041711?
6
What is the millions digit of 31519872?
1
What is the ten millions digit of 758626866?
5
What is the tens digit of 1210969118?
1
What is the hundreds digit of 1489162672?
6
What is the billions digit of 4846120511?
4
What is the millions digit of 5609718?
5
What is the thousands digit of 39111973?
1
What is the millions digit of 1347015549?
7
What is the hundred thousands digit of 1948393495?
3
What is the units digit of 164100141?
1
What is the hundreds digit of 102609094?
0
What is the hundreds digit of 58717932?
9
What is the tens digit of 115700789?
8
What is the units digit of 1709071761?
1
What is the ten thousands digit of 764278099?
7
What is the hundred millions digit of 277287391?
2
What is the ten millions digit of 414976707?
1
What is the ten millions digit of 643659403?
4
What is the units digit of 62353511?
1
What is the millions digit of 234521684?
4
What is the thousands digit of 42546962?
6
What is the hundred thousands digit of 807790121?
7
What is the thousands digit of 7008422?
8
What is the millions digit of 673363248?
3
What is the hundred thousands digit of 429039922?
0
What is the thousands digit of 473425642?
5
What is the hundred millions digit of 2084901341?
0
What is the ten millions digit of 193231876?
9
What is the tens digit of 165918553?
5
What is the hundreds digit of 67954762?
7
What is the ten thousands digit of 2896860589?
6
What is the ten millions digit of 15292856?
1
What is the ten thousands digit of 1225684164?
8
What is the ten thousands digit of 607311965?
1
What is the millions digit of 1377954?
1
What is the units digit of 768676617?
7
What is the billions digit of 1735682573?
1
What is the hundreds digit of 559786489?
4
What is the hundreds digit of 2020170267?
2
What is the ten millions digit of 17631018?
1
What is the ten thousands digit of 4484668324?
6
What is the hundreds digit of 144908358?
3
What is the units digit of 1430906533?
3
What is the tens digit of 47737716?
1
What is the tens digit of 335162198?
9
What is the hundred thousands digit of 8724188?
7
What is the ten thousands digit of 199872704?
7
What is the ten thousands digit of 1180384267?
8
What is the tens digit of 460016302?
0
What is the hundreds digit of 484871698?
6
What is the hundred thousands digit of 120680846?
6
What is the hundred thousands digit of 3833690147?
6
What is the ten thousands digit of 17936608?
3
What is the hundreds digit of 73826892?
8
What is the billions digit of 3900133232?
3
What is the hundreds digit of 177388583?
5
What is the hundred millions digit of 553115421?
5
What is the ten thousands digit of 38153848?
5
What is the ten thousands digit of 1067095454?
9
What is the ten millions digit of 89549126?
8
What is the hundred millions digit of 908147175?
9
What is the hundred thousands digit of 278749700?
7
What is the hundreds digit of 580527750?
7
What is the thousands digit of 822192628?
2
What is the millions digit of 43684531?
3
What is the thousands digit of 36975113?
5
What is the hundred thousands digit of 337257308?
2
What is the ten thousands digit of 428623501?
2
What is the millions digit of 740583007?
0
What is the hundred thousands digit of 1298567?
2
What is the hundred thousands digit of 35815915?
8
What is the thousands digit of 228052869?
2
What is the hundred millions digit of 324127688?
3
What is the ten thousands digit of 5689840?
8
What is the ten millions digit of 64885539?
6
What is the tens digit of 2816511733?
3
What is the hundred thousands digit of 100311278?
3
What is the units digit of 965399923?
3
What is the hundreds digit of 203392772?
7
What is the units digit of 19286116?
6
What is the hundred millions digit of 3285228514?
2
What is the thousands digit of 47590575?
0
What is the millions digit of 1381223829?
1
What is the millions digit of 113858586?
3
What is the tens digit of 85318635?
3
What is the hundred thousands digit of 63090671?
0
What is the hundred thousands digit of 1813811?
8
What is the hundred thousands digit of 1943644804?
6
What is the hundred millions digit of 1797447827?
7
What is the hundred thousands digit of 2443231776?
2
What is the millions digit of 789576222?
9
What is the units digit of 61784972?
2
What is the units digit of 4435977?
7
What is the hundred millions digit of 134494943?
1
What is the hundreds digit of 566180412?
4
What is the hundred thousands digit of 55910901?
9
What is the ten thousands digit of 131026151?
2
What is the thousands digit of 13409141?
9
What is the hundred thousands digit of 499648219?
6
What is the ten millions digit of 231849329?
3
What is the thousands digit of 376431812?
1
What is the hundreds digit of 1927080367?
3
What is the hundreds digit of 587364653?
6
What is the ten millions digit of 362968296?
6
What is the thousands digit of 6138213067?
3
What is the hundreds digit of 3173075196?
1
What is the hundreds digit of 4146425814?
8
What is the ten thousands digit of 880637351?
3
What is the thousands digit of 1150307521?
7
What is the millions digit of 8270486?
8
What is the thousands digit of 204765660?
5
What is the ten millions digit of 50596046?
5
What is the hundred millions digit of 5236063910?
2
What is the hundred thousands digit of 290695559?
6
What is the hundreds digit of 33161399?
3
What is the units digit of 880229628?
8
What is the hundred thousands digit of 1995733052?
7
What is the ten millions digit of 563402767?
6
What is the thousands digit of 538956906?
6
What is the millions digit of 1681697369?
1
What is the ten thousands digit of 7996432?
9
What is the millions digit of 32854150?
2
What is the hundred millions digit of 194989161?
1
What is the hundred thousands digit of 31934787?
9
What is the units digit of 1618347945?
5
What is the tens digit of 23761093?
9
What is the tens digit of 468119757?
5
What is the ten millions digit of 666442361?
6
What is the thousands digit of 1357495254?
5
What is the ten thousands digit of 160880987?
8
What is the units digit of 279796512?
2
What is the ten thousands digit of 186605807?
0
What is the tens digit of 538302462?
6
What is the thousands digit of 1126059244?
9
What is the hundreds digit of 718023816?
8
What is the billions digit of 1230140513?
1
What is the hundred millions digit of 107964576?
1
What is the hundred millions digit of 1465762647?
4
What is the thousands digit of 2712658395?
8
What is the hundreds digit of 102120824?
8
What is the ten millions digit of 785895464?
8
What is the thousands digit of 69218232?
8
What is the thousands digit of 336641443?
1
What is the tens digit of 35031899?
9
What is the hundred thousands digit of 78447052?
4
What is the units digit of 2779197739?
9
What is the hundred thousands digit of 2897861?
8
What is the ten thousands digit of 11499117?
9
What is the millions digit of 97484375?
7
What is the ten millions digit of 66093298?
6
What is the ten thousands digit of 51294097?
9
What is the hundred thousands digit of 288397825?
3
What is the billions digit of 4971483257?
4
What is the hundreds digit of 639606729?
7
What is the units digit of 5603453553?
3
What is the hundred thousands digit of 81906504?
9
What is the tens digit of 174780522?
2
What is the hundreds digit of 760824315?
3
What is the units digit of 391357001?
1
What is the tens digit of 5454756849?
4
What is the hundreds digit of 1099660654?
6
What is the billions digit of 1872971995?
1
What is the millions digit of 78868664?
8
What is the ten millions digit of 1502937530?
0
What is the thousands digit of 48096398?
6
What is the hundred thousands digit of 401433992?
4
What is the hundred thousands digit of 38080203?
0
What is the tens digit of 2719208892?
9
What is the units digit of 325210828?
8
What is the hundred millions digit of 405598399?
4
What is the hundred millions digit of 1198124735?
1
What is 